prime?
False
Is 413927879 prime?
True
Is 5567096177 a prime number?
False
Is 1205181689 a composite number?
False
Is 5691401195 prime?
False
Is 184831103 a composite number?
False
Is 163527903169 prime?
True
Is 11750276413 prime?
True
Is 5945914649 composite?
True
Is 208021609 prime?
False
Is 1127351105 composite?
True
Is 19369103245 a prime number?
False
Is 608726471 composite?
True
Is 30080796253 a prime number?
True
Is 42542323039 composite?
False
Is 115030859 prime?
True
Is 1182476707 a prime number?
True
Is 918348523 a prime number?
True
Is 5500165679 composite?
False
Is 25257584347 a composite number?
False
Is 920660339 a composite number?
False
Is 3082343111 a composite number?
False
Is 330054227 composite?
False
Is 407756273 composite?
False
Is 12205305953 prime?
True
Is 763838843 a prime number?
False
Is 13321044883 composite?
False
Is 62476948213 a composite number?
False
Is 8668885847 a composite number?
False
Is 47296336342 a prime number?
False
Is 2689102789 a prime number?
False
Is 43416508669 composite?
False
Is 15355696079 prime?
False
Is 1048598663 a prime number?
False
Is 8660670989 composite?
True
Is 1886654219 a composite number?
True
Is 1036996943 a composite number?
False
Is 37293565957 prime?
False
Is 5873459983 prime?
True
Is 14386111889 a prime number?
False
Is 878563913 a composite number?
True
Is 4269214681 a prime number?
True
Is 2243783714 composite?
True
Is 14911244837 composite?
False
Is 6123957263 a prime number?
True
Is 51799091 composite?
False
Is 154978879277 prime?
True
Is 121445519197 a prime number?
True
Is 3656157341 a prime number?
True
Is 112467473077 prime?
True
Is 6740798863 a composite number?
False
Is 472535663 a prime number?
True
Is 552361357 a prime number?
True
Is 12308224483 a prime number?
True
Is 151520654933 prime?
True
Is 491242980665 a prime number?
False
Is 1019700631 prime?
False
Is 21859937617 prime?
False
Is 3069957467 a prime number?
False
Is 24688363753 prime?
False
Is 1749000047 prime?
True
Is 489866435 a prime number?
False
Is 1980700409 prime?
True
Is 21830025517 prime?
True
Is 168605280041 prime?
False
Is 17907580021 prime?
True
Is 6188981 composite?
False
Is 1256721953 composite?
True
Is 18180771473 a composite number?
True
Is 60552301 a composite number?
False
Is 532678201 prime?
False
Is 206305349 composite?
True
Is 2257078061 prime?
False
Is 1276274719 prime?
True
Is 442998499 composite?
False
Is 47656223117 prime?
False
Is 9070665007 a prime number?
False
Is 1111712318 prime?
False
Is 75703225787 prime?
False
Is 9353311049 composite?
False
Is 4332958393 composite?
True
Is 39300949733 a prime number?
True
Is 117235825977 prime?
False
Is 748764527 composite?
True
Is 945210763 prime?
False
Is 1420352587 prime?
True
Is 4172419001 composite?
False
Is 2666850997 a composite number?
False
Is 11836662553 composite?
True
Is 5136666901 composite?
False
Is 7191362621 prime?
False
Is 1068892531 prime?
False
Is 138060317 composite?
True
Is 538928353 a composite number?
False
Is 10736994913 a composite number?
False
Is 36619674827 a composite number?
False
Is 439979959 composite?
True
Is 155332997 composite?
False
Is 60915184301 a prime number?
True
Is 463881479 a prime number?
True
Is 85406278277 prime?
True
Is 217836761 a prime number?
True
Is 6196601911 prime?
True
Is 23745825533 composite?
False
Is 49211982763 a composite number?
False
Is 103495069617 a prime number?
False
Is 461091853 a composite number?
False
Is 3918538187 prime?
True
Is 207654985 prime?
False
Is 8935593487 prime?
True
Is 1220955101 prime?
True
Is 5917402319 prime?
False
Is 1227741929 prime?
True
Is 988388369 a prime number?
True
Is 19279831553 a prime number?
True
Is 1454303843 a composite number?
False
Is 430112737 a prime number?
False
Is 2306055113 a prime number?
False
Is 52738151747 a prime number?
False
Is 19029383 a prime number?
True
Is 1196500139 prime?
False
Is 78731717809 composite?
True
Is 16966069061 a composite number?
True
Is 7233999491 prime?
False
Is 1335933563 a composite number?
False
Is 88198337 a prime number?
False
Is 1193651489 prime?
True
Is 238351369 a prime number?
False
Is 30652228273 composite?
False
Is 10565297269 a prime number?
True
Is 288218759 prime?
True
Is 285583343 composite?
False
Is 546536483 a composite number?
False
Is 748448303 a prime number?
True
Is 19484553317 composite?
False
Is 71418011437 prime?
False
Is 175300613 a prime number?
False
Is 21121801838 a prime number?
False
Is 1356129539 prime?
False
Is 2401734263 a composite number?
True
Is 29259871349 composite?
True
Is 1202754013 prime?
False
Is 423556307 a composite number?
True
Is 1273133677 prime?
False
Is 3112298767 a composite number?
True
Is 852526499 composite?
True
Is 5309933 a prime number?
False
Is 54676156697 a composite number?
True
Is 3232343369 a prime number?
True
Is 4036196317 a composite number?
False
Is 142294556503 prime?
False
Is 5753897869 prime?
False
Is 24028350529 a prime number?
True
Is 2266987903 a composite number?
True
Is 904659059 composite?
False
Is 5701379 prime?
True
Is 548926799 a prime number?
False
Is 18582082529 a composite number?
True
Is 575534101 a prime number?
True
Is 167347681 prime?
True
Is 313627768994 composite?
True
Is 2111628734 a prime number?
False
Is 1303759297 a prime number?
False
Is 82921589 a composite number?
False
Is 413269895 prime?
False
Is 1747055407 composite?
True
Is 132067969 composite?
True
Is 552394357 composite?
False
Is 529144199 a composite number?
False
Is 28123103 a composite number?
False
Is 16093662073 a prime number?
False
Is 174718959 a prime number?
False
Is 1753089281 a prime number?
True
Is 5908227131 prime?
True
Is 2027150113 composite?
False
Is 9961628387 a prime number?
True
Is 230398907 a prime number?
False
Is 3003085879 prime?
True
Is 192540722597 composite?
False
Is 6341715607 a prime number?
False
Is 117560582 composite?
True
Is 1567028867 composite?
False
Is 5619981827 a composite number?
False
Is 1585472201 prime?
False
Is 6731880071 prime?
False
Is 426563931 a prime number?
False
Is 69913671593 prime?
True
Is 1656250411 composite?
False
Is 831775551 a prime number?
False
Is 159060829978 a composite number?
True
Is 41800895467 prime?
True
Is 6303961969 prime?
False
Is 4062691 composite?
True
Is 13189434497 a composite number?
True
Is 15757559149 a composite number?
True
Is 42163799 a composite number?
False
Is 42695183 composite?
False
Is 411444227 composite?
True
Is 7630949577 composite?
True
Is 14860276121 prime?
True
Is 17738841803 prime?
True
Is 194778277 a prime number?
False
Is 190093931 prime?
False
Is 8232086909 composite?
True
Is 4724221529 prime?
True
Is 1260244237 a prime number?
False
Is 549833241 a composite number?
True
Is 518482511 prime?
True
Is 210352817 composite?
True
Is 738391691 composite?
False
Is 269671079 prime?
True
Is 1337184001 prime?
False
Is 11598514747 a composite number?
True
Is 710149697 composite?
True
Is 2195754511 prime?
False
Is 68692620649 composite?
False
Is 1859360597 prime?
True
Is 156234569 composite?
True
Is 1095643231 prime?
True
Is 21901377997 a prime number?
True
Is 20687592911 composite?
True
Is 580878026 a prime number?
False
Is 43335571933 a prime number?
True
Is 16428439009 a prime number?
True
Is 12604048279 a prime number?
False
Is 53874581 a prime number?
False
Is 1198566862 prime?
False
Is 3973412197 prime?
False
Is 259791431 prime?
True
Is 3638600983 prime?
True
Is 272912891 prime?
True
Is 3381004769 a prime number?
False
Is 29383199 prime?
False
Is 143754043 prime?
True
Is 105326038 a composite number?
True
Is 273942577 a composite number?
True
Is 6560923163 a composite number?
False
Is 177144761 a prime number?
True
Is 2427318059 composite?
True
Is 1080518369 a composite number?
True
Is 17486202219 a composite number?
True
Is 98466738379 a composite number?
True
Is 18564792157 a prime number?
True
Is 1673667581 a prime number?
True
Is 277435963 a composite number?
True
Is 13102900667 prime?
False
Is 784993763 a prime number?
True
Is 6705360089 prime?
False
Is 18910079389 composite?
False
Is 5577033509 prime?
True
Is 102988847 a prime number?
False
Is 495397063 a prime number?
False
Is 5352848747 composite?
False
Is 6207460535 prime?
False
Is 933029283 a composite number?
Tr